 What is o(k)?
-33
Let v(h) = -h**3 - 15*h**2 + 35*h + 30. Suppose o + 17 = 2*g, 2*o + 76 = -g + 42. Determine v(o).
13
Let q(z) = z**2 + 11*z + 6. Let v(y) = -y + 40. Let k be v(7). Suppose -k = -4*x - 17. Suppose x*h = -3*c - 37, -3*h - 2*c - 1 = 27. Give q(h).
-4
Let y(x) = 24*x**2 + 13*x + 30. Let q(p) = 2*p**2 + 2*p + 5. Let t(g) = -6*q(g) + y(g). Let o be 6/(-2) + (-6)/(-3). Determine t(o).
11
Let g(w) = w**2 - 29*w. Let y be g(0). Let f(x) = x**3 + x**2 - 5*x + 2. Calculate f(y).
2
Let s(w) = w + 7. Let n(d) = -d + 14. Let x(q) = 2*q + 29. Let t = -21 + 16. Let l be x(t). Let p be n(l). Calculate s(p).
2
Let i(z) = 1. Let d(n) be the second derivative of n**3/6 - 3*n**2/2 + 21*n. Let k(w) = -d(w) - 5*i(w). Let j be (-1)/((14/12)/(-7)). What is k(j)?
-8
Let v(t) = -9*t**2 - 2*t + 1. Let x(i) = -25*i**2 - 5*i + 3. Let m(y) = -11*v(y) + 4*x(y). Let l be (-396)/(-63) + (-4)/14. Let b = l + -7. Calculate m(b).
-2
Let l = -83 + 87. Suppose x = -4*w + 5*w - 3, -l*w + 3*x + 16 = 0. Let m be (-2 - 6)*(w/(-2))/(-7). Let u(a) = -2*a - 7. Give u(m).
1
Let n be 5/((-25)/(-10))*6/4. Let g be (8/n)/(3/9). Suppose b + g - 8 = 0. Let y(r) = -r + 4. Determine y(b).
4
Let i(a) be the second derivative of a**4/6 - a**3/3 + 3*a**2/2 + a + 5692. Give i(-2).
15
Let y(j) = -j. Let l be y(7). Let w(u) = -u + 1. Let m(b) = -4*b**2 + 6*b**2 - 3*b - 7*b**2 - 3*b**2 - 13 - b**3. Let h(q) = -m(q) - 5*w(q). Calculate h(l).
1
Let c(k) = -2*k**3 - 2*k**2 + 2*k + 10. Let t = 30646 + -30649. What is c(t)?
40
Let n(w) be the third derivative of w**5/30 - 3*w**4/4 - w**3 - 2*w**2 + 617. Give n(10).
14
Let n = 6 + -2. Let q(z) be the first derivative of 5*z**2/2 + 2*z - 712. Determine q(n).
22
Suppose -14*k - 5*b = -10*k - 8, 4*k + 2*b = 20. Let i(c) = -7 - k - 8 + 2*c + 15. What is i(0)?
-7
Let v be 1/2*6 - 20. Let f(a) = -7*a**2 + 4*a + 8. Let t(x) = 20*x**2 - 12*x - 24. Let j(r) = v*f(r) - 6*t(r). Suppose 0 = -2*n + 9 + 3. Give j(n).
-4
Let t(m) = -4 + 2 + 3*m**3 - 3*m**2 - 4*m - m**2 - 4*m**3. Suppose -4 = -4*c + 2*w, -4518*c - 24 = -4521*c + 5*w. Determine t(c).
-2
Let s(q) = -17*q**2 + 5*q + 4. Suppose -48*t + 12 = 60. Calculate s(t).
-18
Let n = 211 + -214. Let c(m) = -m - 2. Let h(p) = 2*p - 5. Let w(y) = n*c(y) - h(y). What is w(10)?
21
Let f(b) = b + 1. Let h(u) = -3*u**2 - 5*u + 5. Suppose 7*q - 12 = 16. Suppose 2*l + 18 = -q*l. Let m be h(l). Give f(m).
-6
Suppose -51 = 4*c - 21*c. Let b(t) = -104*t - 49. Let j(a) = -6*a - 3. Let g(h) = -2*b(h) + 34*j(h). Give g(c).
8
Let f(o) = -o**2 - 33*o - 10. Let g be f(8). Let u = g + 325. Let w(t) = t**2 + 15*t + 17. Give w(u).
-9
Let l(w) = -63*w**2 - 98*w - 68. Let f(p) = -37*p**2 - 59*p - 41. Let k(s) = 12*f(s) - 7*l(s). Determine k(-9).
-61
Let g(c) be the first derivative of c**4/12 - 2*c**3 - 99*c + 120. Let z(w) be the first derivative of g(w). Determine z(12).
0
Let i(g) = g**2 - 2*g - 60. Suppose -25 = 5*h + 2*u, 34*h + 4*u = 36*h + 34. What is i(h)?
3
Let a(d) = 7*d**3 + 28*d**2 - 32*d - 36. Let y(x) = -10*x**3 - 42*x**2 + 48*x + 54. Let g = -169 - -174. Let m(p) = g*y(p) + 7*a(p). Determine m(-15).
3
Let c = 1180 + -2355/2. Let f(n) be the second derivative of -c*n**2 + 1/3*n**4 + 1/2*n**3 + 17*n + 0 - 1/20*n**5. What is f(4)?
7
Let t(y) be the third derivative of -y**8/20160 + y**7/720 + 7*y**6/720 - 7*y**5/4 - y**2 + 32. Let p(z) be the third derivative of t(z). Give p(6).
13
Let q(n) = -2*n**2 + 3*n - 3. Let h(p) = p**2 + p - 1. Let y(c) = 2*h(c) - q(c). Suppose 0 = -2*g + 4 + 4. Let b be 1*g + (-63)/21. Determine y(b).
4
Let b(q) be the third derivative of -77*q**6/120 - q**4/24 - q**3/3 + 2659*q**2. Calculate b(-1).
76
Let o(v) = 98*v - 282*v + v**2 + 197*v + 13. Calculate o(-5).
-27
Suppose 12 = 2*c + 8. Let l(g) = -c + g - 7 + 10 - g**3 - 109*g**2 + 105*g**2. What is l(-3)?
-11
Let d(c) = 13*c + 38. Let w(q) = -2*q - 9. Let j(s) = -2*d(s) - 6*w(s). Determine j(-4).
34
Let r(o) = -11*o**2 - 9*o + 8. Let k(m) = 9*m**2 + 6*m - 6. Let a(u) = 4*k(u) + 3*r(u). Let z be ((-12)/(-36))/(1/6). Determine a(z).
6
Let d(y) = -5*y**2 + y**2 + 4*y**2 + y**2 - 17*y**3. Let r be (-12)/(-72) - 46/(-12). Let t be ((-15)/30)/((-2)/r). Calculate d(t).
-16
Let m be -90*100/(-2250) + (-9 - 1). Let i(z) be the first derivative of z**3/3 + 5*z**2/2 - 2*z + 1. Give i(m).
4
Let k(b) = 2 - b - 6 + 7*b. Suppose 125*a - 11*a - 74*a = -120. Give k(a).
-22
Let k(d) = 15*d**2 - 3*d - 2. Let c = 193 - 154. Suppose 16*u = 55*u + c. Calculate k(u).
16
Let v(z) = -z**3 - 18*z**2 + 210*z - 8. Let l be v(8). Let s(i) = -2*i + 14. Determine s(l).
-2
Suppose -32*o + 11*o = -672. Suppose -2*u - 28*i + o = -26*i, 2*i = 8. Let d(l) = -3*l + 33. What is d(u)?
-3
Let f(o) = -o**2 - 8*o - 5. Let i be f(-8). Let m be -2 + (2/i - 22/(-55)). Let c(v) = 2*v**3 + 2*v + 1. Calculate c(m).
-19
Let m(b) be the third derivative of 0 + 1/3*b**3 + 0*b**5 - 2*b**2 + 1/120*b**6 - 1/8*b**4 + 0*b. Suppose 5*j - 6*d = -8, -4*j - 5*d + 21 = -2. What is m(j)?
4
Let g be (0 - (-2)/6)*12/4. Let w(f) = -2*f**2 + 3351*f + f**2 - g - 3356*f. Determine w(-4).
3
Let z(c) = -19*c**2 - 7*c - 16. Let d(i) = 89*i**2 + 35*i + 79. Let t(n) = -3*d(n) - 14*z(n). Give t(-7).
-13
Let o(t) = t**3 + 3*t**2 - 6*t + 7. Suppose -5*r = 2*d - 99, -4*d + 0*d + 5*r = -273. Let w = d - 67. What is o(w)?
-13
Let c(d) = -d - 4. Let g be (2 + -21)/((-2)/6). Suppose 11*u = -g + 112. Calculate c(u).
-9
Let i(z) = -335*z + 2322. Let y be i(7). Let k(v) = -4*v - 104. Give k(y).
-12
Suppose 2*t + 2 = 3*t. Let b(v) be the first derivative of v**2 + 508. Give b(t).
4
Let j(i) = -9*i - 10 - 18*i**2 + 3 + 7*i + 9. Determine j(-1).
-14
Let h(p) be the third derivative of p**6/60 + 3*p**5/20 - p**4/3 - 5*p**3/3 - 1153*p**2. Give h(-5).
5
Let f = 282 + -267. Let g(c) = 5*c + 6 - f*c + 11*c. Determine g(-8).
-2
Let f(g) be the second derivative of -g**4/12 + 8*g**3 + 105*g**2/2 - 72*g + 66. Calculate f(50).
5
Suppose d + d + 12 = 0. Suppose a - 20 = -3*a. Let p(v) = a*v - 9*v + 0*v + 4 - v**2 - v. Determine p(d).
-2
Let z(w) be the first derivative of -w**4/4 - 3*w**3 - 21*w**2/2 - 50*w - 387. Calculate z(-7).
-1
Let l(i) be the second derivative of -i**6/720 + i**5/15 - 10*i**4/3 + 45*i - 1. Let r(x) be the third derivative of l(x). Calculate r(12).
-4
Let v(n) = 10*n + 4. Let q(m) = 3*m - 101. Let y be q(39). Suppose -2*p - 17 = -5*a, -4*a - 12*p + y*p = -16. What is v(a)?
34
Let o(y) = 11*y + 7838 + 7846 - 15618. Give o(-9).
-33
Let f = 548 - 547. Let l(i) = 23*i - 19. Let n be l(f). Let k(q) be the second derivative of -q**4/12 + 7*q**3/6 + 3*q**2/2 + q. What is k(n)?
15
Let g(d) = d - 5. Let m(b) = -b + 48. Let w be m(25). Let k = w - 19. Calculate g(k).
-1
Let l(r) = 11 + 25*r**2 - 24*r**2 + 0 - 2 - 5*r. Let h be 9*((-4)/12 - -1). What is l(h)?
15
Let w(j) = j**3 + 6*j**2 + 2*j - 7. Suppose 3*k - 4*c + 9 = 0, k - 7 = -3*k - c. Let f = k - 6. Calculate w(f).
8
Let a(t) = t + 20. Suppose -217*x + 238 = -203*x. What is a(x)?
37
Let o(m) = 20*m**2 + 2*m - 29. Let p(w) = -7*w**2 - w + 10. Let k(j) = -6*o(j) - 17*p(j). Let y be (4/10)/(80/1475) + 921/(-2456). Give k(y).
-10
Let a(w) = -w**2 + 6. Let f(p) = -p**3 + 4*p**2 - 1 - 18*p**2 - p + 0*p**2 - 13. Let j be f(-14). What is a(j)?
6
Let b(y) = -241*y - 55. Let f(c) = 69*c + 18. Let l(v) = 2*b(v) + 7*f(v). Calculate l(-9).
7
Let n(q) = -4*q**2 + 9*q + 9. Let f(v) = 2*v**3 + 43*v**2 - 71*v - 42. Let x be f(-23). Determine n(x).
-19
Let b = 17137 + -17141. Let q(l) be the first derivative of -4/3*l**3 - 1 - 1/4*l**4 + 4*l + 3/2*l**2. Calculate q(b).
-8
Let x(l) be the third derivative of 1/120*l**6 + 3/2*l**3 + 0*l - 7/60*l**5 + 0 + 23*l**2 - 7/24*l**4. What is x(8)?
17
Let i(n) = -4*n**3 + 6*n**2 + 5*n. Let t(k) = -k**3 - 2. Let l(j) = -i(j) + 3*t(j). Suppose 2*d + 6 = 5*g - 31, 2*g - 12 = -2*d. Give l(g).
8
Let i(u) = 73*u + 62. Let c be i(-1). Let z(o) = o**3 + 10*o**2 - 7*o - 4. Calculate z(c).
-48
Let m(d) = -31*d - d + 14*d + 9*d. Let t be -2 - ((-10)/4 + 3)*0. Determine m(t).
18
Let o be (4 + -3)*(-102 + -2 + 0). Let r = 107 + o. Let j(s) = -s**3 + 5*s**2 - s + 4. Calculate j(r).
19
Suppose 0 = f - 3*v, 0 = -5*f - 3*v - 27 - 9. Let n(t) be the second derivative of -t**4/12 - t**3 - t**2/2 - 113*t. Give n(f).
-1
Let d(v) = -v**2 - 5*v - 1. Let n(k) 